30*v**2 - 604*v - 22411. What is o(233)?
-276
Let n(z) = -13*z**2 - 199*z + 124. Give n(-16).
-20
Let i(c) = c**3 + 17*c**2 - 19*c - 483. What is i(-15)?
252
Let a(c) = 5*c**3 - 33*c**2 + 255*c - 1066. What is a(5)?
9
Let v(o) = 22*o**2 + 26*o - 207. What is v(5)?
473
Let f(v) = 15527*v + 1055862. Give f(-68).
26
Let y(b) = -80*b**2 - 2233*b + 64. Calculate y(-28).
-132
Let u(z) = z**3 + 10*z**2 - 27*z - 156. Determine u(-13).
-312
Let o(q) = q**2 - 306*q + 18414. Determine o(92).
-1274
Let h(s) = -3489*s - 10179. Calculate h(-3).
288
Let u(m) = m**3 - 67*m**2 + 1077*m + 102. What is u(40)?
-18
Let m(v) = -532*v - 129. What is m(-1)?
403
Let c(q) = -726*q - 77693. What is c(-107)?
-11
Let q(x) = 271267*x - 271277. Calculate q(1).
-10
Let u(k) = -895*k + 41116. Calculate u(47).
-949
Let c(p) = -13895*p**2 + 27790*p + 4. Determine c(2).
4
Let r(o) = -184*o - 19226. Determine r(-104).
-90
Let j(i) = -91*i**2 - 73*i - 311. What is j(-4)?
-1475
Let o(n) = -n**3 - 8*n**2 + 21*n - 87. What is o(0)?
-87
Let x(b) = -b**3 - 395*b**2 + 151*b + 59643. Calculate x(-395).
-2
Let m(r) = r**3 + 99*r**2 - 42885*r - 4245625. Give m(-99).
-10
Let p(a) = 3*a**2 - 1512*a - 43158. What is p(531)?
-147
Let a(h) = 6*h**3 + 15*h**2 - 12*h - 110. Calculate a(0).
-110
Let c(r) = -4705*r + 86316. Calculate c(18).
1626
Let g(u) = -469*u + 9834. Determine g(21).
-15
Let n(j) = 102168*j - 4188896. What is n(41)?
-8
Let c(v) = -16*v**3 - 616*v**2 + 10187*v - 656. Give c(-51).
7
Let v(g) = -49*g**2 - 20187*g + 20649. Calculate v(-413).
-1
Let u(o) = -2*o**2 - 1067*o + 17548. What is u(16)?
-36
Let k(s) = -470*s - 54050. Give k(-115).
0
Let w(z) = -23166*z + 46275. Give w(2).
-57
Let y(x) = -239639*x**2 + 2*x + 5. What is y(0)?
5
Let l(u) = 620*u + 161258. Determine l(-260).
58
Let g(z) = -6601*z + 2792215. Calculate g(423).
-8
Let s(p) = -p**3 - 41*p**2 + 23*p - 215. Calculate s(-41).
-1158
Let s(k) = 2*k**3 + 8*k**2 + 12*k - 22. Determine s(5).
488
Let w(h) = -15370*h + 107614. Determine w(7).
24
Let a(z) = 88*z + 6331. Calculate a(-69).
259
Let y(i) = -172*i**3 - 42139*i**2 + 273*i + 6865. What is y(-245)?
5
Let x(u) = -9271*u - 64103. Determine x(-7).
794
Let t(b) = 1922*b + 36903. What is t(-19)?
385
Let m(b) = 56716*b + 283600. Determine m(-5).
20
Let u(l) = 4*l**2 + 185*l + 2057. Determine u(-18).
23
Let x(o) = 3116*o - 535960. What is x(172)?
-8
Let z(c) = c**2 + 128*c - 5219. Determine z(-161).
94
Let g(p) = 2*p**3 + 70*p**2 + 66*p - 1484. Determine g(-33).
694
Let d(r) = r**2 + 2360*r + 807201. Calculate d(-415).
26
Let g(b) = b**3 + 4*b**2 - 140*b + 375. What is g(-17)?
-1002
Let r(z) = -307*z - 41053. Give r(-137).
1006
Let w(v) = 141*v**2 - 1404*v + 38. Determine w(10).
98
Let t(z) = -107*z**2 + 1182*z - 55. What is t(11)?
0
Let q(a) = -a**3 + 21*a**2 + 32*a - 88. Give q(11).
1474
Let v(p) = 739*p - 3493. Determine v(6).
941
Let h(q) = q**2 + 161*q - 1308. Give h(-168).
-132
Let a(l) = -7*l**3 + 532*l**2 + 4*l - 403. What is a(76)?
-99
Let y(g) = 37*g**2 + 199*g - 1061. Give y(5).
859
Let j(q) = -140054*q + 4201624. Give j(30).
4
Let s(f) = 3*f**3 + 43*f**2 - 919*f - 341. Determine s(12).
7
Let h(i) = 14*i**3 - 210*i**2 - 11*i + 157. What is h(15)?
-8
Let n(s) = 5*s**3 + 327*s**2 - 442*s + 6281. Determine n(-67).
-17
Let d(k) = -2*k**3 + 199*k**2 - 1752*k - 395. Determine d(10).
-15
Let x(q) = -q**2 - 539*q + 70018. Give x(108).
142
Let r(x) = -x**3 + 25*x**2 - 173*x + 505. Give r(18).
-341
Let s(k) = k**2 + 73*k - 2573. Calculate s(-95).
-483
Let h(k) = -132*k**2 - 757*k + 201. Calculate h(-6).
-9
Let y(m) = -5*m**2 - 50*m + 1210. What is y(-14)?
930
Let z(c) = -73*c**2 + 435*c + 190. What is z(6)?
172
Let z(l) = -9*l**2 + 607*l + 7483. Calculate z(-12).
-1097
Let c(d) = -3*d**2 - 631*d + 2972. Calculate c(-215).
-38
Let l(g) = g**2 + 683*g - 8294. Calculate l(12).
46
Let w(k) = -7*k**2 + 101*k + 301. Determine w(17).
-5
Let v(w) = 2*w**3 + 26*w**2 + 353*w + 3354. Calculate v(-11).
-45
Let t(m) = m**2 + 326*m + 9186. Give t(-31).
41
Let j(f) = -28816*f - 15416551. Determine j(-535).
9
Let x(o) = 4397*o**3 + 39574*o**2 + 44*o + 321. Give x(-9).
6
Let p(x) = -27*x**2 - 532*x - 344. Calculate p(-19).
17
Let z(c) = 761*c - 23609. What is z(31)?
-18
Let t(q) = -q**2 - 1010*q - 252892. Determine t(-459).
17
Let z(a) = a**3 + 1001*a**2 - 12123*a + 33428. Give z(-1013).
-1
Let z(x) = 58*x**2 + 5099*x + 10204. Give z(-2).
238
Let h(r) = 12*r**3 - 6*r**2 - 10*r + 18. Give h(3).
258
Let d(r) = -r + 191. Determine d(103).
88
Let o(k) = k**3 - 261*k**2 - 535*k + 2830. What is o(263)?
463
Let i(o) = -6*o**3 - 123*o**2 + 31*o - 31. Give i(-21).
641
Let m(r) = -20739*r - 3546390. Determine m(-171).
-21
Let q(v) = 5*v**3 + v**2 - 53681*v - 53680. Calculate q(-1).
-3
Let n(s) = -s**3 + 118*s**2 + 12746*s - 64937. Determine n(185).
-2
Let y(j) = 1063*j + 92498. Calculate y(-87).
17
Let w(o) = o**2 - 2430*o - 103920. What is w(-42)?
-96
Let h(z) = -644*z - 180322. What is h(-280)?
-2
Let a(c) = 62*c**2 - 10582*c - 3408. Give a(171).
12
Let f(v) = 51*v**2 + 950*v + 149. Determine f(-15).
-2626
Let d(g) = g**3 + 49*g**2 - 1636*g - 79007. What is d(-39)?
7
Let w(g) = g**3 + 3800*g**2 - 134223*g - 66. Give w(35).
4
Let k(i) = -6327*i**2 + 37964*i - 11. What is k(6)?
1
Let j(h) = 2*h**3 + 196*h**2 + 4764*h - 91. Determine j(-45).
179
Let p(r) = -r**3 + 930*r**2 + 7485*r - 81. What is p(-8)?
71
Let f(k) = 2*k**3 + 37*k**2 - 1350*k - 24611. Determine f(-18).
13
Let c(i) = -44*i**2 - 1055*i - 5333. What is c(-5)?
-1158
Let i(k) = k**3 + 41*k**2 + 255*k - 296. Determine i(-33).
1
Let d(w) = 44760*w - 223779. What is d(5)?
21
Let b(t) = -t**3 + 240*t**2 - 12322*t + 2812. What is b(74)?
0
Let u(r) = r**3 + 1949*r**2 - 29438*r - 261. Determine u(15).
69
Let l(o) = 195559*o - 782384. Give l(4).
-148
Let w(b) = -3*b**2 - 1253*b + 49245. Give w(-454).
-241
Let u(s) = 38*s - 2965. Give u(70).
-305
Let w(y) = y**2 - 289*y - 34731. Determine w(-92).
321
Let g(k) = 7*k**2 - 989*k + 7786. Give g(8).
322
Let a(r) = r**3 + 6*r**2 - 70*r - 325. Give a(-4).
-13
Let o(p) = 9*p**3 - 513*p**2 - 108*p + 6158. Calculate o(57).
2
Let k(w) = -41209*w + 1153847. What is k(28)?
-5
Let s(r) = 668*r**2 + 14*r + 30. What is s(-1)?
684
Let x(b) = -158*b + 332. What is x(5)?
-458
Let u(y) = 4*y**2 - 6991*y + 76635. Calculate u(11).
218
Let o(v) = 1960*v + 268496. Give o(-137).
-24
Let z(r) = 8*r**2 + 30*r - 184. What is z(-14)?
964
Let g(k) = 2*k**3 - 23*k**2 - 3*k + 130. Give g(11).
-24
Let s(y) = -18*y**3 - 20*y**2 + y - 21. Give s(-3).
282
Let i(o) = -o**3 - 160*o**2 + 14337*o + 101. What is i(64)?
165
Let w(l) = -83*l**2 - 731*l + 48. Give w(-9).
-96
Let n(g) = 49*g**3 - 788*g**2 + 52*g + 134. What is n(16)?
-58
Let r(l) = 11248*l**3 - 33744*l**2 + 12*l - 36. Determine r(3).
0
Let u(s) = -92387*s - 369555. Determine u(-4).
-7
Let i(v) = -v**2 + 3359*v - 33471. Calculate i(10).
19
Let n(x) = 6986*x - 92753. Give n(13).
-1935
Let l(c) = c**2 - 343*c + 28093. What is l(135)?
13
Let c(z) = -z**3 - 24*z**2 - 110*z - 3440. Give c(-25).
-65
Let d(s) = -9*s**2 + 1181*s + 3548. Calculate d(-3).
-76
Let v(k) = k**3 - 169*k**2 - 1029*k + 227622. Determine v(167).
1
Let u(v) = 76723*v - 2838749. Determine u(37).
2
Let q(w) = 66*w**2 + 350*w - 61. Calculate q(-6).
215
Let i(g) = 1808*g - 375888. Calculate i(208).
176
Let y(z) = -12782*z - 12791. Determine y(-1).
-9
Let v(u) = 7*u**2 - 331*u + 3546. Give v(10).
936
Let b(n) = n**3 - 4*n**2 + 1095*n - 6. Give b(0).
-6
Let x(c) = -3*c**3 - 37*c**2 + 1078*c + 12012. Calculate x(-11).
-330
Let w(q) = 11*q**2 + 337*q + 2369. What is w(-7)?
549
Let y(k) = -364*k - 6200. Calculate y(-18).
352
Let f(j) = 246*j**2 - 403*j - 402. Give f(-1).
247
Let v(m) = 7*m**3 - 17*m**2 + 5*m + 23. Determine v(4).
219
Let r(u) = -222117*u + 2443238. What is r(11)?
-49
Let q(u) = -19*u**2 + 274*u + 4251. What is q(24)?
-117
Let n(t) = 6*t**2 + 1995*t + 114178. Calculate n(-259).
-41
Let i(g) = 131*g**2 - 37596*g - 294. Give i(287).
-7
Let q(x) = 2*x**2 - 10459*x + 528201. Calculate q(51).
-6
Let q(h) = -4375*h + 118141. Calculate q(27).
16
Let d(a) = -a**3 + 978*a**2 - 2914*a - 10720. Determine d(975).
5
Let k(h) = -37339*h + 7990544. Determine k(214).
-2
Let z(n) = -2*n**3 - 120*n**2 - 363*n - 1283